{"id":93,"date":"2021-08-31T18:27:31","date_gmt":"2021-08-31T16:27:31","guid":{"rendered":"https:\/\/jameswozniak.pl\/?page_id=93"},"modified":"2022-02-17T13:45:41","modified_gmt":"2022-02-17T12:45:41","slug":"samorzad-studencki","status":"publish","type":"page","link":"https:\/\/jameswozniak.pl\/index.php\/o-mnie\/funkcje\/samorzad-studencki\/","title":{"rendered":"Samorz\u0105d Studencki"},"content":{"rendered":"\n<div class=\"wp-block-image is-style-default\"><figure class=\"aligncenter size-medium\"><img decoding=\"async\" width=\"300\" height=\"131\" src=\"https:\/\/jameswozniak.pl\/wp-content\/uploads\/2021\/10\/samorzad-studencki-300x131.png\" alt=\"\" class=\"wp-image-486\" srcset=\"https:\/\/jameswozniak.pl\/wp-content\/uploads\/2021\/10\/samorzad-studencki-300x131.png 300w, https:\/\/jameswozniak.pl\/wp-content\/uploads\/2021\/10\/samorzad-studencki-1024x446.png 1024w, https:\/\/jameswozniak.pl\/wp-content\/uploads\/2021\/10\/samorzad-studencki-768x335.png 768w, https:\/\/jameswozniak.pl\/wp-content\/uploads\/2021\/10\/samorzad-studencki-1000x436.png 1000w, https:\/\/jameswozniak.pl\/wp-content\/uploads\/2021\/10\/samorzad-studencki-688x300.png 688w, https:\/\/jameswozniak.pl\/wp-content\/uploads\/2021\/10\/samorzad-studencki.png 1122w\" sizes=\"(max-width: 300px) 100vw, 300px\" \/><\/figure><\/div>\n\n\n\n<hr class=\"wp-block-separator is-style-wide\"\/>\n\n\n\n<pre class=\"wp-block-preformatted\"><strong>2018\u20132019<\/strong>: Cz\u0142onek sta\u0142y Uniwersyteckiej Rady Bibliotecznej UMK.<\/pre>\n\n\n\n<hr class=\"wp-block-separator is-style-wide\"\/>\n\n\n\n<pre class=\"wp-block-preformatted\"><strong>2016\u20132018<\/strong>: <strong>Wiceprzewodnicz\u0105cy Samorz\u0105du Studenckiego UMK<\/strong>.<\/pre>\n\n\n\n<hr class=\"wp-block-separator is-style-wide\"\/>\n\n\n\n<pre class=\"wp-block-preformatted\"><strong>2016\u20132018<\/strong>: <strong>Przewodnicz\u0105cy Komisji Dydaktyki i Jako\u015bci Kszta\u0142cenia Samorz\u0105du Studenckiego UMK<\/strong>.<\/pre>\n\n\n\n<hr class=\"wp-block-separator is-style-wide\"\/>\n\n\n\n<pre class=\"wp-block-preformatted\"><strong>2016\u20132018<\/strong>: Cz\u0142onek Uczelnianej Rady ds. Jako\u015bci UMK.<\/pre>\n\n\n\n<hr class=\"wp-block-separator is-style-wide\"\/>\n\n\n\n<pre class=\"wp-block-preformatted\"><strong>2016\u20132018<\/strong>: Cz\u0142onek Senackiej Komisji Dydaktyki i Efekt\u00f3w Kszta\u0142cenia UMK.<\/pre>\n\n\n\n<hr class=\"wp-block-separator is-style-wide\"\/>\n\n\n\n<pre class=\"wp-block-preformatted\"><strong>2016\u20132018<\/strong>: Cz\u0142onek Odwo\u0142awczej Komisji Dyscyplinarnej UMK dla student\u00f3w.<\/pre>\n\n\n\n<hr class=\"wp-block-separator is-style-wide\"\/>\n\n\n\n<pre class=\"wp-block-preformatted\"><strong>2015\u20132016<\/strong>: Cz\u0142onek Wydzia\u0142owej Komisji Stypendialnej WT UMK.<\/pre>\n\n\n\n<hr class=\"wp-block-separator is-style-wide\"\/>\n\n\n\n<pre class=\"wp-block-preformatted\"><strong>2015\u20132018<\/strong>: <strong>Przewodnicz\u0105cy Wydzia\u0142owej Rady Samorz\u0105du Studenckiego WT UMK<\/strong>.<\/pre>\n\n\n\n<hr class=\"wp-block-separator is-style-wide\"\/>\n\n\n\n<pre class=\"wp-block-preformatted\"><strong>2015\u20132019<\/strong>: Cz\u0142onek Rady Wydzia\u0142u WT UMK.<\/pre>\n\n\n\n<hr class=\"wp-block-separator is-style-wide\"\/>\n\n\n\n<pre class=\"wp-block-preformatted\"><strong>2015\u20132018<\/strong>: Cz\u0142onek Rady Student\u00f3w.<\/pre>\n\n\n\n<hr class=\"wp-block-separator is-style-wide\"\/>\n\n\n\n<pre class=\"wp-block-preformatted\"><strong>2014\u20132016<\/strong>:Cz\u0142onek wydzia\u0142owej Komisji ds. Dydaktyki i Efekt\u00f3w Kszta\u0142cenia WT UMK.<\/pre>\n\n\n\n<hr class=\"wp-block-separator is-style-wide\"\/>\n\n\n\n<pre class=\"wp-block-preformatted\"><strong>2014-2016<\/strong>; <strong>2017-2018<\/strong>: <strong>Przedstawiciel Samorz\u0105du Studenckiego w Senacie UMK<\/strong>.<\/pre>\n\n\n\n<hr class=\"wp-block-separator is-style-wide\"\/>\n\n\n\n<pre class=\"wp-block-preformatted\"><strong>2013-2015<\/strong>: Cz\u0142onek Wydzia\u0142owej Rady Samorz\u0105du Studenckiego WT UMK.<\/pre>\n","protected":false},"excerpt":{"rendered":"<p>2018\u20132019: Cz\u0142onek sta\u0142y Uniwersyteckiej Rady Bibliotecznej UMK. 2016\u20132018: Wiceprzewodnicz\u0105cy Samorz\u0105du Studenckiego UMK. 2016\u20132018: Przewodnicz\u0105cy Komisji Dydaktyki i Jako\u015bci Kszta\u0142cenia Samorz\u0105du Studenckiego UMK. 2016\u20132018: Cz\u0142onek Uczelnianej [&hellip;]<\/p>\n","protected":false},"author":1,"featured_media":0,"parent":90,"menu_order":1,"comment_status":"closed","ping_status":"closed","template":"","meta":{"footnotes":""},"class_list":["post-93","page","type-page","status-publish","hentry"],"wps_subtitle":"","jetpack_sharing_enabled":true,"_links":{"self":[{"href":"https:\/\/jameswozniak.pl\/index.php\/wp-json\/wp\/v2\/pages\/93","targetHints":{"allow":["GET"]}}],"collection":[{"href":"https:\/\/jameswozniak.pl\/index.php\/wp-json\/wp\/v2\/pages"}],"about":[{"href":"https:\/\/jameswozniak.pl\/index.php\/wp-json\/wp\/v2\/types\/page"}],"author":[{"embeddable":true,"href":"https:\/\/jameswozniak.pl\/index.php\/wp-json\/wp\/v2\/users\/1"}],"replies":[{"embeddable":true,"href":"https:\/\/jameswozniak.pl\/index.php\/wp-json\/wp\/v2\/comments?post=93"}],"version-history":[{"count":44,"href":"https:\/\/jameswozniak.pl\/index.php\/wp-json\/wp\/v2\/pages\/93\/revisions"}],"predecessor-version":[{"id":706,"href":"https:\/\/jameswozniak.pl\/index.php\/wp-json\/wp\/v2\/pages\/93\/revisions\/706"}],"up":[{"embeddable":true,"href":"https:\/\/jameswozniak.pl\/index.php\/wp-json\/wp\/v2\/pages\/90"}],"wp:attachment":[{"href":"https:\/\/jameswozniak.pl\/index.php\/wp-json\/wp\/v2\/media?parent=93"}],"curies":[{"name":"wp","href":"https:\/\/api.w.org\/{rel}","templated":true}]}}