{"id":84,"date":"2021-08-31T18:25:55","date_gmt":"2021-08-31T16:25:55","guid":{"rendered":"https:\/\/jameswozniak.pl\/?page_id=84"},"modified":"2022-02-25T19:24:13","modified_gmt":"2022-02-25T18:24:13","slug":"wyksztalcenie","status":"publish","type":"page","link":"https:\/\/jameswozniak.pl\/index.php\/o-mnie\/wyksztalcenie\/","title":{"rendered":"Wykszta\u0142cenie"},"content":{"rendered":"\n<div class=\"wp-block-image is-style-default\"><figure class=\"aligncenter size-full is-resized\"><a href=\"https:\/\/www.teologia.umk.pl\" target=\"_blank\" rel=\"noopener\"><img decoding=\"async\" src=\"https:\/\/jameswozniak.pl\/wp-content\/uploads\/2021\/09\/logo17.png\" alt=\"\" class=\"wp-image-378\" width=\"309\" height=\"123\" srcset=\"https:\/\/jameswozniak.pl\/wp-content\/uploads\/2021\/09\/logo17.png 866w, https:\/\/jameswozniak.pl\/wp-content\/uploads\/2021\/09\/logo17-768x309.png 768w, https:\/\/jameswozniak.pl\/wp-content\/uploads\/2021\/09\/logo17-747x300.png 747w\" sizes=\"(max-width: 309px) 100vw, 309px\" \/><\/a><\/figure><\/div>\n\n\n\n<hr class=\"wp-block-separator is-style-wide\"\/>\n\n\n\n<pre class=\"wp-block-preformatted\"><strong>2022<\/strong>: DOKTOR NAUK TEOLOGICZNYCH\n\n<em>Personalny charakter prymatu Piotrowego w tajemnicy Chrystusa i Ko\u015bcio\u0142a w nauczaniu Josepha Ratzingera-Benedykta XVI<\/em><\/pre>\n\n\n\n<hr class=\"wp-block-separator is-style-wide\"\/>\n\n\n\n<pre class=\"wp-block-preformatted\"><strong>2019<\/strong>: MAGISTER NAUK O RODZINIE\n\n<em>Biblijne podstawy ma\u0142\u017ce\u0144stwa i rodziny w nauczaniu papie\u017ca Franciszka<\/em><\/pre>\n\n\n\n<hr class=\"wp-block-separator is-style-wide\"\/>\n\n\n\n<pre class=\"wp-block-preformatted\"><strong>2015<\/strong>: MAGISTER NAUK TEOLOGICZNYCH\n\n<em>Duchowo\u015b\u0107 kap\u0142a\u0144ska w \u015bwietle nauczania Josepha Ratzingera<\/em><\/pre>\n\n\n\n<p><\/p>\n","protected":false},"excerpt":{"rendered":"<p>2022: DOKTOR NAUK TEOLOGICZNYCH Personalny charakter prymatu Piotrowego w tajemnicy Chrystusa i Ko\u015bcio\u0142a w nauczaniu Josepha Ratzingera-Benedykta XVI 2019: MAGISTER NAUK O RODZINIE Biblijne podstawy [&hellip;]<\/p>\n","protected":false},"author":1,"featured_media":0,"parent":78,"menu_order":2,"comment_status":"closed","ping_status":"closed","template":"","meta":{"footnotes":""},"class_list":["post-84","page","type-page","status-publish","hentry"],"wps_subtitle":"","jetpack_sharing_enabled":true,"_links":{"self":[{"href":"https:\/\/jameswozniak.pl\/index.php\/wp-json\/wp\/v2\/pages\/84","targetHints":{"allow":["GET"]}}],"collection":[{"href":"https:\/\/jameswozniak.pl\/index.php\/wp-json\/wp\/v2\/pages"}],"about":[{"href":"https:\/\/jameswozniak.pl\/index.php\/wp-json\/wp\/v2\/types\/page"}],"author":[{"embeddable":true,"href":"https:\/\/jameswozniak.pl\/index.php\/wp-json\/wp\/v2\/users\/1"}],"replies":[{"embeddable":true,"href":"https:\/\/jameswozniak.pl\/index.php\/wp-json\/wp\/v2\/comments?post=84"}],"version-history":[{"count":16,"href":"https:\/\/jameswozniak.pl\/index.php\/wp-json\/wp\/v2\/pages\/84\/revisions"}],"predecessor-version":[{"id":716,"href":"https:\/\/jameswozniak.pl\/index.php\/wp-json\/wp\/v2\/pages\/84\/revisions\/716"}],"up":[{"embeddable":true,"href":"https:\/\/jameswozniak.pl\/index.php\/wp-json\/wp\/v2\/pages\/78"}],"wp:attachment":[{"href":"https:\/\/jameswozniak.pl\/index.php\/wp-json\/wp\/v2\/media?parent=84"}],"curies":[{"name":"wp","href":"https:\/\/api.w.org\/{rel}","templated":true}]}}