{"id":81,"date":"2021-08-31T18:25:17","date_gmt":"2021-08-31T16:25:17","guid":{"rendered":"https:\/\/jameswozniak.pl\/?page_id=81"},"modified":"2026-04-20T12:21:21","modified_gmt":"2026-04-20T10:21:21","slug":"krotki-biogram","status":"publish","type":"page","link":"https:\/\/jameswozniak.pl\/index.php\/o-mnie\/krotki-biogram\/","title":{"rendered":"Kr\u00f3tki biogram"},"content":{"rendered":"<div class=\"wp-block-image is-style-default\">\n<figure class=\"aligncenter size-large\"><img fetchpriority=\"high\" decoding=\"async\" width=\"1024\" height=\"683\" src=\"https:\/\/jameswozniak.pl\/wp-content\/uploads\/2021\/09\/Jakub-Wozniak-fotAndrzej-Romanski-5-1024x683.jpg\" alt=\"\" class=\"wp-image-457\" srcset=\"https:\/\/jameswozniak.pl\/wp-content\/uploads\/2021\/09\/Jakub-Wozniak-fotAndrzej-Romanski-5-1024x683.jpg 1024w, https:\/\/jameswozniak.pl\/wp-content\/uploads\/2021\/09\/Jakub-Wozniak-fotAndrzej-Romanski-5-300x200.jpg 300w, https:\/\/jameswozniak.pl\/wp-content\/uploads\/2021\/09\/Jakub-Wozniak-fotAndrzej-Romanski-5-768x512.jpg 768w, https:\/\/jameswozniak.pl\/wp-content\/uploads\/2021\/09\/Jakub-Wozniak-fotAndrzej-Romanski-5-1536x1024.jpg 1536w, https:\/\/jameswozniak.pl\/wp-content\/uploads\/2021\/09\/Jakub-Wozniak-fotAndrzej-Romanski-5-2048x1365.jpg 2048w, https:\/\/jameswozniak.pl\/wp-content\/uploads\/2021\/09\/Jakub-Wozniak-fotAndrzej-Romanski-5-1000x667.jpg 1000w, https:\/\/jameswozniak.pl\/wp-content\/uploads\/2021\/09\/Jakub-Wozniak-fotAndrzej-Romanski-5-450x300.jpg 450w\" sizes=\"(max-width: 1024px) 100vw, 1024px\" \/><figcaption class=\"wp-element-caption\"><sup>fot. A. Roma\u0144ski<\/sup><\/figcaption><\/figure>\n<\/div>\n\n\n<p class=\"has-text-align-justify\">Jakub J. Wo\u017aniak<\/p>\n\n\n\n<p class=\"has-text-align-justify\">W 2015 roku uzyska\u0142 tytu\u0142 zawodowy magistra teologii na Wydziale Teologicznym Uniwersytetu Miko\u0142aja Kopernika w Toruniu, na podstawie pracy: \u201eDuchowo\u015b\u0107 kap\u0142a\u0144ska w \u015bwietle pism kardyna\u0142a Josepha Ratzingera\u201d napisanej pod kierunek ks. prof. dr hab. Ireneusza Werbi\u0144skiego w Katedrze Teologii Moralnej i Duchowo\u015bci. W tym samym roku podj\u0105\u0142 studia doktoranckie z zakresu nauk teologicznych oraz studia magisterskie z nauk o rodzinie. W 2019 roku uzyska\u0142 tytu\u0142 zawodowy magistra z zakresu nauk o rodzinie na podstawie pracy napisanej w Katedrze Nauk Spo\u0142ecznych i Prawa Kanonicznego pod opiek\u0105 dr. Krzysztofa Pilarza: \u201eBiblijne podstawy ma\u0142\u017ce\u0144stwa i rodziny w \u015bwietle nauczania Ojca \u015awi\u0119tego Franciszka\u201d.&nbsp;Rozpraw\u0119 doktorsk\u0105 pt: \u201ePersonalny charakter prymatu Piotrowego w tajemnicy Chrystusa i Ko\u015bcio\u0142a w nauczaniu Josepha Ratzingera-Benedykta XVI&#8221; napisa\u0142 w Katedrze Teologii Systematycznej Wydzia\u0142u Teologicznego Uniwersytetu Miko\u0142aja Kopernika w Toruniu pod kierunkiem ks. prof. dr. hab. Jana Perszona. 27 pa\u017adziernika 2021 r. Rada Dyscypliny Nauki Teologiczne wyznaczy\u0142a, na podstawie nowych przepis\u00f3w, trzech recenzent\u00f3w: ks. prof. dr. hab. Janusza Bujaka (Wydzia\u0142 Teologiczny Uniwersytetu Szczeci\u0144skiego), ks. dr. hab. Paw\u0142a Borto (Wydzia\u0142 Teologiczny Katolickiego Uniwersytetu Lubelskiego Jana Paw\u0142a II w Lublinie) i ks. dr. hab. Marka \u017bmudzi\u0144skiego, prof. UWM (Wydzia\u0142 Teologii Uniwersytetu Warmi\u0144sko-Mazurskiego w Olsztynie) oraz komisj\u0119 doktorsk\u0105 do przeprowadzenia czynno\u015bci w post\u0119powaniu w sprawie nadania stopnia doktora.<\/p>\n\n\n\n<p class=\"has-text-align-justify\">Od 2013 roku zaanga\u017cowany jest w dzia\u0142alno\u015b\u0107 samorz\u0105dow\u0105. W Samorz\u0105dzie Studenckim pe\u0142ni\u0142 funkcj\u0119 Wiceprzewodnicz\u0105cego Samorz\u0105du Studenckiego oraz Przewodnicz\u0105cego Komisji Dydaktyki i Jako\u015bci Kszta\u0142cenia w latach 2016-2018. W kadencji 2017-2018 Przewodnicz\u0105cy Samorz\u0105du Doktorant\u00f3w Uniwersytetu Miko\u0142aja Kopernika, a w 2019 roku Wiceprzewodnicz\u0105cy <a rel=\"noreferrer noopener\" href=\"http:\/\/dfup.krd.edu.pl\" target=\"_blank\">Doktoranckiego Forum Uniwersytet\u00f3w Polskich<\/a>, a od 2020 do 2021 Przewodnicz\u0105cego. W swojej dzia\u0142alno\u015bci naukowej jest organizatorem oraz czynnym uczestnikiem konferencji mi\u0119dzynarodowych i og\u00f3lnopolskich.<\/p>\n\n\n\n<p class=\"has-text-align-justify\">Wsp\u00f3\u0142pracuje naukowo z <a rel=\"noreferrer noopener\" href=\"http:\/\/www.institut-papst-benedikt.de\" target=\"_blank\">Institut Papst Benedikt XVI.<\/a> (od 2016 roku) oraz z <a rel=\"noreferrer noopener\" href=\"http:\/\/www.fondazioneratzinger.va\/content\/fondazioneratzinger\/it.html\" target=\"_blank\">Fondazione Vaticana Joseph Ratzinger-Benedetto XVI<\/a> (od 2017 roku).<\/p>\n\n\n\n<p class=\"has-text-align-justify\">W 2019 roku z ramienia rektora, prof. dr hab. Andrzeja Tretyna koordynowa\u0142 proces tworzenia oraz opracowa\u0142 wizj\u0119 rozwoju powstaj\u0105cego <a rel=\"noreferrer noopener\" href=\"https:\/\/ratzingerianum.umk.pl\" target=\"_blank\">Centrum Naukowego&nbsp;<em>Ratzingerianum<\/em><\/a>, w kt\u00f3rym czuwa\u0142 nad w\u0142a\u015bciwym procesem przyznawania Interdyscyplinarnej Nagrody Naukowej&nbsp;<em>Ratio et Spes<\/em>&nbsp;przyznawanej wsp\u00f3lnie przez Uniwersytet Miko\u0142aja Kopernika w Toruniu oraz Fondazione Vaticana Joseph Ratzinger-Benedetto XVI. Od 2021 do 2022 roku pe\u0142ni\u0142 funkcj\u0119 sekretarza Centrum.<\/p>\n\n\n\n<p class=\"has-text-align-justify\">W dniu 26 stycznia 2022 roku odby\u0142a si\u0119 publiczna obrona doktoratu zako\u0144czona nadaniem stopnia doktora nauk teologicznych przez Rad\u0119 Dyscypliny Nauki Teologiczne Uniwersytetu Miko\u0142aja Kopernika w Toruniu.<\/p>\n\n\n\n<p class=\"has-text-align-justify\">G\u0142\u00f3wnym obszarem dzia\u0142alno\u015bci naukowej jest prowadzenie bada\u0144 naukowych z zakresu pism Josepha Ratzingera-Benedykta XVI. Interesuje si\u0119 teologiczn\u0105 dogmatyczn\u0105, teologi\u0105 fundamentaln\u0105 i liturgik\u0105.&nbsp;<\/p>\n\n\n\n<p class=\"has-text-align-justify\">Poza obszarem naukowym interesuje si\u0119 pszczelarstwem, skokami narciarskimi, pi\u0142k\u0105 siatkow\u0105 oraz bie\u017c\u0105c\u0105 polityk\u0105 w Polsce i na \u015bwiecie.&nbsp;<\/p>\n\n\n\n<p class=\"has-text-align-justify\">W\u0142a\u015bciciel trzech ps\u00f3w rasy Jacka Russell Terrier oraz hodowli ps\u00f3w radowych <a rel=\"noreferrer noopener\" href=\"https:\/\/krainakujaw.pl\/\" target=\"_blank\">Kraina Kujaw (FCI)<\/a>. Cz\u0142onek <a rel=\"noreferrer noopener\" href=\"http:\/\/www.zkwp.pl\/main.polish\/index.html\" target=\"_blank\">Zwi\u0105zku Kynologicznego w Polsce<\/a>.<\/p>\n\n\n<div class=\"wp-block-image is-style-default\">\n<figure class=\"alignleft size-medium\"><img decoding=\"async\" width=\"225\" height=\"300\" src=\"https:\/\/jameswozniak.pl\/wp-content\/uploads\/2021\/09\/20210421_164755-225x300.jpg\" alt=\"\" class=\"wp-image-465\" srcset=\"https:\/\/jameswozniak.pl\/wp-content\/uploads\/2021\/09\/20210421_164755-225x300.jpg 225w, https:\/\/jameswozniak.pl\/wp-content\/uploads\/2021\/09\/20210421_164755-768x1024.jpg 768w, https:\/\/jameswozniak.pl\/wp-content\/uploads\/2021\/09\/20210421_164755-1152x1536.jpg 1152w, https:\/\/jameswozniak.pl\/wp-content\/uploads\/2021\/09\/20210421_164755-1536x2048.jpg 1536w, https:\/\/jameswozniak.pl\/wp-content\/uploads\/2021\/09\/20210421_164755-1000x1333.jpg 1000w, https:\/\/jameswozniak.pl\/wp-content\/uploads\/2021\/09\/20210421_164755-scaled.jpg 1920w\" sizes=\"(max-width: 225px) 100vw, 225px\" \/><figcaption class=\"wp-element-caption\"><sup>fot. z archiwum prywatnego<\/sup><\/figcaption><\/figure>\n<\/div>\n\n\n<figure class=\"wp-block-image size-medium\"><img decoding=\"async\" width=\"300\" height=\"169\" src=\"https:\/\/jameswozniak.pl\/wp-content\/uploads\/2023\/09\/IMG_1567-300x169.jpeg\" alt=\"\" class=\"wp-image-816\" srcset=\"https:\/\/jameswozniak.pl\/wp-content\/uploads\/2023\/09\/IMG_1567-300x169.jpeg 300w, https:\/\/jameswozniak.pl\/wp-content\/uploads\/2023\/09\/IMG_1567-1024x576.jpeg 1024w, https:\/\/jameswozniak.pl\/wp-content\/uploads\/2023\/09\/IMG_1567-768x432.jpeg 768w, https:\/\/jameswozniak.pl\/wp-content\/uploads\/2023\/09\/IMG_1567-1536x864.jpeg 1536w, https:\/\/jameswozniak.pl\/wp-content\/uploads\/2023\/09\/IMG_1567-2048x1151.jpeg 2048w\" sizes=\"(max-width: 300px) 100vw, 300px\" \/><\/figure>\n\n\n\n<p><\/p>\n","protected":false},"excerpt":{"rendered":"<p>Jakub J. Wo\u017aniak W 2015 roku uzyska\u0142 tytu\u0142 zawodowy magistra teologii na Wydziale Teologicznym Uniwersytetu Miko\u0142aja Kopernika w Toruniu, na podstawie pracy: \u201eDuchowo\u015b\u0107 kap\u0142a\u0144ska w [&hellip;]<\/p>\n","protected":false},"author":1,"featured_media":0,"parent":78,"menu_order":1,"comment_status":"closed","ping_status":"closed","template":"","meta":{"footnotes":""},"class_list":["post-81","page","type-page","status-publish","hentry"],"wps_subtitle":"","jetpack_sharing_enabled":true,"_links":{"self":[{"href":"https:\/\/jameswozniak.pl\/index.php\/wp-json\/wp\/v2\/pages\/81","targetHints":{"allow":["GET"]}}],"collection":[{"href":"https:\/\/jameswozniak.pl\/index.php\/wp-json\/wp\/v2\/pages"}],"about":[{"href":"https:\/\/jameswozniak.pl\/index.php\/wp-json\/wp\/v2\/types\/page"}],"author":[{"embeddable":true,"href":"https:\/\/jameswozniak.pl\/index.php\/wp-json\/wp\/v2\/users\/1"}],"replies":[{"embeddable":true,"href":"https:\/\/jameswozniak.pl\/index.php\/wp-json\/wp\/v2\/comments?post=81"}],"version-history":[{"count":120,"href":"https:\/\/jameswozniak.pl\/index.php\/wp-json\/wp\/v2\/pages\/81\/revisions"}],"predecessor-version":[{"id":1242,"href":"https:\/\/jameswozniak.pl\/index.php\/wp-json\/wp\/v2\/pages\/81\/revisions\/1242"}],"up":[{"embeddable":true,"href":"https:\/\/jameswozniak.pl\/index.php\/wp-json\/wp\/v2\/pages\/78"}],"wp:attachment":[{"href":"https:\/\/jameswozniak.pl\/index.php\/wp-json\/wp\/v2\/media?parent=81"}],"curies":[{"name":"wp","href":"https:\/\/api.w.org\/{rel}","templated":true}]}}