{"id":114,"date":"2021-08-31T18:31:49","date_gmt":"2021-08-31T16:31:49","guid":{"rendered":"https:\/\/jameswozniak.pl\/?page_id=114"},"modified":"2022-01-29T09:11:32","modified_gmt":"2022-01-29T08:11:32","slug":"organizacja","status":"publish","type":"page","link":"https:\/\/jameswozniak.pl\/index.php\/konferencje\/organizacja\/","title":{"rendered":"Organizacja"},"content":{"rendered":"\n<hr class=\"wp-block-separator\"\/>\n\n\n\n<p>7. Mi\u0119dzynarodowa Konferencja Naukowa  <em>Contemporary Ideologies and Christianity in the Thought of Joseph Ratzinger-Benedict XVI<\/em> (25\/11\/2021).<\/p>\n\n\n\n<hr class=\"wp-block-separator is-style-wide\"\/>\n\n\n\n<p>6. Mi\u0119dzynarodowa Konferencja Naukowa <em>\u015aredniowieczne \u017ar\u00f3d\u0142a liturgiczne<\/em> (9\/5\/2018).<\/p>\n\n\n\n<hr class=\"wp-block-separator is-style-wide\"\/>\n\n\n\n<p>5. Mi\u0119dzynarodowa Konferencja Naukowa <em>In search of the truth. From Nicolaus Copernicus to Benedikt XVI<\/em> (17\/4\/2018).<\/p>\n\n\n\n<hr class=\"wp-block-separator is-style-wide\"\/>\n\n\n\n<p>4. Og\u00f3lnopolskie Sympozjum Naukowe <em>Benedykt XVI i liturgia<\/em> (20\/4\/2017).<\/p>\n\n\n\n<hr class=\"wp-block-separator is-style-wide\"\/>\n\n\n\n<p>3. Og\u00f3lnopolska konferencji <em>\u201eArs Elegantiae&#8221;. Toru\u0144ska Akademia Dyplomacji im. b\u0142. P. G. Frassatiego<\/em> (1-2\/3\/2016).<\/p>\n\n\n\n<hr class=\"wp-block-separator is-style-wide\"\/>\n\n\n\n<p>2. <em>Duchowo\u015b\u0107 Dalekiego Wschodu a Chrze\u015bcija\u0144stwo<\/em> (12-14\/11\/2013).<\/p>\n\n\n\n<hr class=\"wp-block-separator is-style-wide\"\/>\n\n\n\n<p>1. <em>Dzieci i m\u0142odzie\u017c jako ofiary sekt? <\/em>(15\/11\/2012).<\/p>\n","protected":false},"excerpt":{"rendered":"<p>7. Mi\u0119dzynarodowa Konferencja Naukowa Contemporary Ideologies and Christianity in the Thought of Joseph Ratzinger-Benedict XVI (25\/11\/2021). 6. Mi\u0119dzynarodowa Konferencja Naukowa \u015aredniowieczne \u017ar\u00f3d\u0142a liturgiczne (9\/5\/2018). 5. [&hellip;]<\/p>\n","protected":false},"author":1,"featured_media":0,"parent":111,"menu_order":1,"comment_status":"closed","ping_status":"closed","template":"","meta":{"footnotes":""},"class_list":["post-114","page","type-page","status-publish","hentry"],"wps_subtitle":"","jetpack_sharing_enabled":true,"_links":{"self":[{"href":"https:\/\/jameswozniak.pl\/index.php\/wp-json\/wp\/v2\/pages\/114","targetHints":{"allow":["GET"]}}],"collection":[{"href":"https:\/\/jameswozniak.pl\/index.php\/wp-json\/wp\/v2\/pages"}],"about":[{"href":"https:\/\/jameswozniak.pl\/index.php\/wp-json\/wp\/v2\/types\/page"}],"author":[{"embeddable":true,"href":"https:\/\/jameswozniak.pl\/index.php\/wp-json\/wp\/v2\/users\/1"}],"replies":[{"embeddable":true,"href":"https:\/\/jameswozniak.pl\/index.php\/wp-json\/wp\/v2\/comments?post=114"}],"version-history":[{"count":12,"href":"https:\/\/jameswozniak.pl\/index.php\/wp-json\/wp\/v2\/pages\/114\/revisions"}],"predecessor-version":[{"id":663,"href":"https:\/\/jameswozniak.pl\/index.php\/wp-json\/wp\/v2\/pages\/114\/revisions\/663"}],"up":[{"embeddable":true,"href":"https:\/\/jameswozniak.pl\/index.php\/wp-json\/wp\/v2\/pages\/111"}],"wp:attachment":[{"href":"https:\/\/jameswozniak.pl\/index.php\/wp-json\/wp\/v2\/media?parent=114"}],"curies":[{"name":"wp","href":"https:\/\/api.w.org\/{rel}","templated":true}]}}