{"id":105,"date":"2021-08-31T18:30:02","date_gmt":"2021-08-31T16:30:02","guid":{"rendered":"https:\/\/jameswozniak.pl\/?page_id=105"},"modified":"2026-03-11T15:05:12","modified_gmt":"2026-03-11T14:05:12","slug":"artykuly","status":"publish","type":"page","link":"https:\/\/jameswozniak.pl\/index.php\/publikacje\/artykuly\/","title":{"rendered":"Artyku\u0142y"},"content":{"rendered":"\n<p><\/p>\n\n\n\n\n\n<p><strong><span style=\"font-size: 10pt;\">18.&nbsp;<em>Ocaleni przez nadziej\u0119. Benedykt XVI w epoce bezradno\u015bci<br><br><\/em><\/span><\/strong><\/p>\n\n\n\n<hr class=\"wp-block-separator has-alpha-channel-opacity is-style-dots\"\/>\n\n\n\n\n<p><span style=\"font-size: 10pt;\"><strong>17.<\/strong> <em><strong>Locus metaphysicus spiritus. <\/strong><\/em><strong>La fonte ontologica della trascendenza nell\u2019uomo<\/strong><em><br \/><\/em><span style=\"font-family: terminal, monaco, monospace;\">&#8222;Gregorianum&#8221;, t. 107(2026) n. 2, p. &#8230;-&#8230;<\/span><\/span><\/p>\n\n\n<hr class=\"wp-block-separator has-alpha-channel-opacity is-style-dots\"\/>\n\n\n\n<div class=\"wp-block-columns is-layout-flex wp-container-core-columns-is-layout-9d6595d7 wp-block-columns-is-layout-flex\">\n<div class=\"wp-block-column is-layout-flow wp-block-column-is-layout-flow\" style=\"flex-basis:100%\">\n<div class=\"wp-block-group\"><div class=\"wp-block-group__inner-container is-layout-constrained wp-block-group-is-layout-constrained\">\n<div class=\"wp-block-file\"><a id=\"wp-block-file--media-caa3e671-d2ba-406d-8b90-3e2a07d75ac5\" href=\"https:\/\/jameswozniak.pl\/wp-content\/uploads\/2025\/12\/La-mistagogia-nella-riflessione-teologica-e-letteraria-alla-luce-di-Il-Piccolo-Principe-di-Antoine-de-Saint-Exupery-opublikowany.pdf\" target=\"_blank\" rel=\"noreferrer noopener\"><strong>16. La mistagogia nella riflessione teologica e letteraria alla luce di \u201cIl Piccolo Principe\u201d di Antoine de Saint-&nbsp;Exup\u00e9ry<\/strong><\/a><\/div>\n<\/div><\/div>\n<\/div>\n<\/div>\n\n\n\n<pre><span style=\"font-size: 10pt;\">\"Studia Gda\u0144skie\", t. 56(2025) s. 32-44.<\/span><\/pre>\n\n\n\n<hr class=\"wp-block-separator has-alpha-channel-opacity is-style-dots\"\/>\n\n\n\n<div class=\"wp-block-file\"><a id=\"wp-block-file--media-2bf85af8-f90e-45b7-936a-f2ef6a1e7383\" href=\"https:\/\/jameswozniak.pl\/wp-content\/uploads\/2023\/12\/Unity-\u2013-Sex-and-Fertility-in-the-teachings-of-Pope-john-Paul-II-and-Pope-Francis-1.pdf\" target=\"_blank\" rel=\"noreferrer noopener\"><strong>15. Unity \u2013 Sex and Fertility in the teachings of Pope John Paul II and Pope Francis<\/strong><\/a><\/div>\n\n\n<pre><span style=\"font-family: terminal, monaco, monospace; font-size: 10pt;\">\"Studia Gda\u0144skie\", t. 53(2023), s. 37-46.<\/span><\/pre>\n\n\n<hr class=\"wp-block-separator has-alpha-channel-opacity is-style-dots\"\/>\n\n\n\n<div class=\"wp-block-file\"><a id=\"wp-block-file--media-3dc25005-0e03-4faf-afa7-dcada9e769ce\" href=\"https:\/\/jameswozniak.pl\/wp-content\/uploads\/2023\/08\/THE-IMAGE-CODIFIED.pdf\" target=\"_blank\" rel=\"noreferrer noopener\"><strong>14. The Image Codified. Dionysius of Fourna\u2019s &#8222;Hermeneia&#8221; as a Source of Interpretation of the Canon Law Dogmatics&nbsp;of the Icon<\/strong><\/a><\/div>\n\n\n<pre><span style=\"font-size: 10pt; font-family: terminal, monaco, monospace;\">\"Teologia i Cz\u0142owiek\", t. 62(2023) nr 2, s. 107-123.<\/span><\/pre>\n\n\n<hr class=\"wp-block-separator has-alpha-channel-opacity is-style-dots\"\/>\n\n\n\n<div class=\"wp-block-file\"><a id=\"wp-block-file--media-55c4e22b-bf26-40b1-aaaf-7f6989655acc\" href=\"https:\/\/jameswozniak.pl\/wp-content\/uploads\/2023\/01\/FR_16_8_Wozniak-Sledziewski.pdf\" target=\"_blank\" rel=\"noreferrer noopener\"><strong>13. Mi\u0142o\u015b\u0107 w antropologii biblijnej ma\u0142\u017ce\u0144stwa i rodziny wed\u0142ug opisu dziej\u00f3w stworzenia cz\u0142owieka w nauczaniu papie\u017ca Franciszka<\/strong><\/a><\/div>\n\n\n\n<div class=\"wp-block-columns is-layout-flex wp-container-core-columns-is-layout-9d6595d7 wp-block-columns-is-layout-flex\">\n<div class=\"wp-block-column is-layout-flow wp-block-column-is-layout-flow\" style=\"flex-basis:100%\">\n<pre class=\"wp-block-preformatted\"><span style=\"font-size: 10pt; font-family: terminal, monaco, monospace;\">\"Ekonomia i zarz\u0105dzanie wobec aktualnych problem\u00f3w gospodarczych\" (\"Fides, Ratio et Patria. Studia Toru\u0144skie\", t. 16(2022), Toru\u0144 2022, s. 168-185.<\/span><\/pre>\n<\/div>\n<\/div>\n\n\n\n<hr class=\"wp-block-separator has-alpha-channel-opacity is-style-dots\"\/>\n\n\n\n<div class=\"wp-block-file\"><a id=\"wp-block-file--media-75b13384-91ba-433c-b3ed-22d0394fde61\" href=\"https:\/\/jameswozniak.pl\/wp-content\/uploads\/2023\/01\/Dehumanizacja-Europy-w-refleksji-JR-B16.pdf\" target=\"_blank\" rel=\"noreferrer noopener\"><strong>12. Dehumanizacja Europy w refleksji Josepha Ratzingera \u2013 Benedykta XVI<\/strong><\/a><\/div>\n\n\n\n<pre class=\"wp-block-preformatted\"><span style=\"font-size: 10pt; font-family: terminal, monaco, monospace;\">\"Wiara a ideologia. Joseph Ratzinger - Benedykt XVI wobec wyzwa\u0144 wsp\u00f3\u0142czesno\u015bci\", red. W. Cichosz, J. Szulist, J. J. Wo\u017aniak, Pelplin 2022, s. 175-198.<\/span><\/pre>\n\n\n\n<hr class=\"wp-block-separator has-alpha-channel-opacity is-style-dots\"\/>\n\n\n\n<div class=\"wp-block-file\"><a id=\"wp-block-file--media-bfc063a9-0542-4252-8d44-57e031f033dd\" href=\"https:\/\/jameswozniak.pl\/wp-content\/uploads\/2022\/04\/The-Crisis-of-Church-Music-As-Seen-by-Joseph-Ratzinger\u2013Benedict-XVI.pdf\" target=\"_blank\" rel=\"noreferrer noopener\"><strong>11. The Crisis of Church Music As Seen by Joseph Ratzinger (Benedict&nbsp;XVI)<\/strong><\/a><\/div>\n\n\n\n<div class=\"wp-block-group\"><div class=\"wp-block-group__inner-container is-layout-flow wp-block-group-is-layout-flow\">\n<pre class=\"wp-block-preformatted\"><span style=\"font-size: 10pt; font-family: terminal, monaco, monospace;\">\"Ateneum Kap\u0142a\u0144skie\", t. 178(2022), z. 3(679), s. 563-574.<\/span><\/pre>\n<\/div><\/div>\n\n\n\n<hr class=\"wp-block-separator has-css-opacity is-style-wide\"\/>\n\n\n\n<div class=\"wp-block-file\"><a id=\"wp-block-file--media-945f03aa-72bf-42eb-b4a0-12b1d18748c5\" href=\"https:\/\/jameswozniak.pl\/wp-content\/uploads\/2021\/09\/7077-Tekst-artykulu-13511-1-10-20210306.pdf\" target=\"_blank\" rel=\"noreferrer noopener\"><strong>10. The Martyrological Dimension of Petrine Primacy in the Teachings of Joseph Ratzinger &#8211; Benedict XVI<\/strong><\/a><\/div>\n\n\n\n<pre class=\"wp-block-preformatted\"><span style=\"font-family: terminal, monaco, monospace; font-size: 10pt;\">\"Studia Gda\u0144skie\", t. 46(2020), s. 47-66.<\/span><\/pre>\n\n\n\n<hr class=\"wp-block-separator has-css-opacity is-style-dots\"\/>\n\n\n\n<div class=\"wp-block-file\"><a id=\"wp-block-file--media-b82d128f-6dab-4295-b928-df87e9e83d88\" href=\"https:\/\/jameswozniak.pl\/wp-content\/uploads\/2021\/09\/31914-74065-1-PB.pdf\" target=\"_blank\" rel=\"noreferrer noopener\"><strong>9. Joseph Ratzinger\u2013Benedict XVI: \u201cCo-Worker of the Truth\u201d and Dissenter of Contemporary Relativism<\/strong><\/a><\/div>\n\n\n\n<pre class=\"wp-block-preformatted\"><span style=\"font-size: 10pt; font-family: terminal, monaco, monospace;\">\"Teologia i Cz\u0142owiek\" 51(2020) nr 3, s. 49-62.<\/span><\/pre>\n\n\n\n<hr class=\"wp-block-separator has-css-opacity is-style-dots\"\/>\n\n\n\n<div class=\"wp-block-file\"><a id=\"wp-block-file--media-a1fb642c-e8e8-4563-adb1-d5d64b55bf59\" href=\"https:\/\/jameswozniak.pl\/wp-content\/uploads\/2021\/09\/12337.pdf\" target=\"_blank\" rel=\"noreferrer noopener\"><strong>8. &nbsp;The Incarnational Sense of God\u2019s Mercy<\/strong><\/a><\/div>\n\n\n\n<pre class=\"wp-block-preformatted\"><span style=\"font-size: 10pt; font-family: terminal, monaco, monospace;\">\"Studia Warmi\u0144skie\", t. 57(2020), s. 227-244.<\/span><\/pre>\n\n\n\n<hr class=\"wp-block-separator has-css-opacity is-style-dots\"\/>\n\n\n\n<div class=\"wp-block-file\"><a id=\"wp-block-file--media-f6b2b73c-752f-4bff-8729-3255aa348574\" href=\"https:\/\/jameswozniak.pl\/wp-content\/uploads\/2021\/09\/5446-Tekst-artykulu-8731-1-10-20200131.pdf\" target=\"_blank\" rel=\"noreferrer noopener\"><strong>7. The Religious Experience of the Church and the Experience of National Community in the Writings of Joseph Ratzinger\u2013Benedict XVI<\/strong><\/a><\/div>\n\n\n\n<pre class=\"wp-block-preformatted\"><span style=\"font-size: 10pt; font-family: terminal, monaco, monospace;\">\"Studia Gda\u0144skie\", t. 44(2019), s. 165-180.<\/span><\/pre>\n\n\n\n<hr class=\"wp-block-separator has-css-opacity is-style-dots\"\/>\n\n\n\n<div class=\"wp-block-file\"><a id=\"wp-block-file--media-7e790482-e2a2-468e-b8b4-565168aa3d2b\" href=\"https:\/\/jameswozniak.pl\/wp-content\/uploads\/2021\/09\/Wozniak_Jakub_2018_Benedykt_XVI_i_liturgia.pdf\" target=\"_blank\" rel=\"noreferrer noopener\"><strong>6. Benedykt XVI i nowy ruch liturgiczny<\/strong><\/a><\/div>\n\n\n\n<pre class=\"wp-block-preformatted\"><span style=\"font-size: 10pt; font-family: terminal, monaco, monospace;\">\"Benedykt XVI i liturgia\", red. D. Brzezi\u0144ski, M. Miko\u0142ajczak, J. Wo\u017aniak,  P\u0142ock 2018, s. 401-419.<\/span><\/pre>\n\n\n\n<hr class=\"wp-block-separator has-css-opacity is-style-dots\"\/>\n\n\n\n<div class=\"wp-block-file\"><a id=\"wp-block-file--media-34f59a76-21da-4ab8-9e28-c863507f0f33\" href=\"https:\/\/jameswozniak.pl\/wp-content\/uploads\/2021\/08\/42-175-187.pdf\" target=\"_blank\" rel=\"noreferrer noopener\"><strong>5. Niezbywalno\u015b\u0107 prawdy a cnota tolerancji w dialogu mi\u0119dzykulturowym i mi\u0119dzyreligijnym w pismach Josepha Ratzingera-Benedykta XVI<\/strong><\/a><\/div>\n\n\n\n<pre class=\"wp-block-preformatted\"><span style=\"font-size: 10pt; font-family: terminal, monaco, monospace;\">\"Studia Gda\u0144skie\", t. 42(2018), s. 175-187.<\/span><\/pre>\n\n\n\n<hr class=\"wp-block-separator has-css-opacity is-style-dots\"\/>\n\n\n\n<div class=\"wp-block-file\"><a id=\"wp-block-file--media-d6b60053-6c80-41e4-bb35-12866babfb56\" href=\"https:\/\/jameswozniak.pl\/wp-content\/uploads\/2021\/08\/18618-44728-1-SM.pdf\" target=\"_blank\" rel=\"noreferrer noopener\"><strong>4. Trzy wielkie symbole chrzcielne Wigilii Paschalnej w nauczaniu Josepha Ratzingera \u2013 Benedykta XVI<\/strong><\/a><\/div>\n\n\n\n<pre class=\"wp-block-preformatted\"><span style=\"font-size: 10pt; font-family: terminal, monaco, monospace;\">\"Teologia i Cz\u0142owiek\" 42(2018) nr 2, s. 103-122.<\/span><\/pre>\n\n\n\n<hr class=\"wp-block-separator has-css-opacity is-style-dots\"\/>\n\n\n\n<div class=\"wp-block-file\"><a id=\"wp-block-file--media-5bbe7d39-2b0c-44e8-bc23-0e44dad263d1\" href=\"https:\/\/jameswozniak.pl\/wp-content\/uploads\/2021\/08\/liturgia.pdf\" target=\"_blank\" rel=\"noreferrer noopener\"><strong>3. Jan Pawe\u0142 II i odnowa liturgiczn\u0105 po II Soborze Watyka\u0144skim<\/strong><\/a><\/div>\n\n\n\n<pre class=\"wp-block-preformatted\"><span style=\"font-size: 10pt; font-family: terminal, monaco, monospace;\">\"Z nauczania Jana Paw\u0142a II w 40. rocznic\u0119 wyboru na Stolic\u0119 Piotrow\u0105\", red. K. Konecki, Toru\u0144 2018, s. 65-86.<\/span><\/pre>\n\n\n\n<hr class=\"wp-block-separator has-css-opacity is-style-dots\"\/>\n\n\n\n<div class=\"wp-block-file\"><a id=\"wp-block-file--media-6c404aba-cb4a-4ffa-be40-dc95893805b7\" href=\"https:\/\/jameswozniak.pl\/wp-content\/uploads\/2021\/08\/16595-39817-2-PB-1.pdf\" target=\"_blank\" rel=\"noreferrer noopener\"><strong>2. Kremacja w rozwoju historycznym i nauce Ko\u015bcio\u0142a<\/strong><\/a><\/div>\n\n\n\n<pre class=\"wp-block-preformatted\"><span style=\"font-size: 10pt; font-family: terminal, monaco, monospace;\">\"Teologia i Cz\u0142owiek\" 40(2017) nr 4, s. 181-202.\n<\/span><\/pre>\n\n\n\n<hr class=\"wp-block-separator has-css-opacity is-style-dots\"\/>\n\n\n\n<div class=\"wp-block-file\"><a id=\"wp-block-file--media-73fdcd94-82b2-4bb5-9961-deb8ee2bae1a\" href=\"https:\/\/jameswozniak.pl\/wp-content\/uploads\/2021\/08\/11274-27551-1-SM.pdf\" target=\"_blank\" rel=\"noreferrer noopener\"><strong>1. Niechrze\u015bcija\u0144skie \u017ar\u00f3d\u0142a liturgii pogrzebu i kultu zmar\u0142ych wczesnego chrze\u015bcija\u0144stwa<\/strong><\/a><\/div>\n\n\n\n<pre class=\"wp-block-preformatted\"><span style=\"font-size: 10pt; font-family: terminal, monaco, monospace;\">\"Teologia i Cz\u0142owiek\" 34(2016) nr 2, s. 131-148.<\/span><\/pre>\n\n\n\n<p><\/p>\n","protected":false},"excerpt":{"rendered":"<p>18.&nbsp;Ocaleni przez nadziej\u0119. Benedykt XVI w epoce bezradno\u015bci 17. Locus metaphysicus spiritus. La fonte ontologica della trascendenza nell\u2019uomo&#8222;Gregorianum&#8221;, t. 107(2026) n. 2, p. &#8230;-&#8230; &#8222;Studia [&hellip;]<\/p>\n","protected":false},"author":1,"featured_media":0,"parent":102,"menu_order":1,"comment_status":"closed","ping_status":"closed","template":"","meta":{"footnotes":""},"class_list":["post-105","page","type-page","status-publish","hentry"],"wps_subtitle":"","jetpack_sharing_enabled":true,"_links":{"self":[{"href":"https:\/\/jameswozniak.pl\/index.php\/wp-json\/wp\/v2\/pages\/105","targetHints":{"allow":["GET"]}}],"collection":[{"href":"https:\/\/jameswozniak.pl\/index.php\/wp-json\/wp\/v2\/pages"}],"about":[{"href":"https:\/\/jameswozniak.pl\/index.php\/wp-json\/wp\/v2\/types\/page"}],"author":[{"embeddable":true,"href":"https:\/\/jameswozniak.pl\/index.php\/wp-json\/wp\/v2\/users\/1"}],"replies":[{"embeddable":true,"href":"https:\/\/jameswozniak.pl\/index.php\/wp-json\/wp\/v2\/comments?post=105"}],"version-history":[{"count":108,"href":"https:\/\/jameswozniak.pl\/index.php\/wp-json\/wp\/v2\/pages\/105\/revisions"}],"predecessor-version":[{"id":1206,"href":"https:\/\/jameswozniak.pl\/index.php\/wp-json\/wp\/v2\/pages\/105\/revisions\/1206"}],"up":[{"embeddable":true,"href":"https:\/\/jameswozniak.pl\/index.php\/wp-json\/wp\/v2\/pages\/102"}],"wp:attachment":[{"href":"https:\/\/jameswozniak.pl\/index.php\/wp-json\/wp\/v2\/media?parent=105"}],"curies":[{"name":"wp","href":"https:\/\/api.w.org\/{rel}","templated":true}]}}